{"id":144977,"date":"2018-08-20T02:09:28","date_gmt":"2018-08-19T23:09:28","guid":{"rendered":"https:\/\/indrumari-juridice.eu\/indrumarijuridice\/?page_id=144977"},"modified":"2018-08-20T02:09:46","modified_gmt":"2018-08-19T23:09:46","slug":"taxa-salubrizare-sector-4-ilegala-afla-cum-o-poti-contesta-avocat-cuculis","status":"publish","type":"page","link":"https:\/\/indrumari-juridice.eu\/indrumarijuridice\/taxa-salubrizare-sector-4-ilegala-afla-cum-o-poti-contesta-avocat-cuculis\/","title":{"rendered":"Taxa Salubrizare Sector 4 Ilegala-Afla Cum O Poti Contesta-Avocat Cuculis"},"content":{"rendered":"<div id=\"sitemain\" class=\"site-main\">\n<article id=\"post-1245\" class=\"single-post post-1245 post type-post status-publish format-standard hentry category-consultatii-juridice-online tag-actiune-colectiva-anulare-taxa-salubrizare tag-anulare-taxa-salubrizare tag-decizie-de-impunere-ditl-sector-4 tag-salubrizare-primaria-sector-4 tag-taxa-de-salubrizare-abuziva\">\n<header class=\"entry-header\">\n<h2 class=\"entry-title\">Actiune Anulare Taxa Salubrizare Sector 4 -Taxa Impusa De Sectorul 4 Este Una Abuziva<\/h2>\n<\/header>\n<div class=\"entry-content\">\n<h3>Deja Este Cunoscut ca DITL Sector 4 a impus abuziv o Taxa Salubrizare taxa deja trecuta pe decizii de impunere.<\/h3>\n<h3>Daca ai primit o asemenea notificare ai dreptul de a te adresa justitiei pentru a obtine Anulare Taxa Salubrizare.<\/h3>\n<h4>Taxa de salubritate poate fi anulata in conditiile in care firma dvs nu utilizeaza serviciul de salubritate.<\/h4>\n<h2 style=\"text-align: center;\">Taxa de Salubrizare in Sector 4 este Ilegala! Ai dreptul de a obtine o solutie de Anulare Taxa Salubrizare<\/h2>\n<p><b>Taxa de salubriate trebuie sa reflecte efectiv serviciul pe care il presteaza Primaria. In conditiile in care societatile nu produc asemenea deseuri si la sediul NU exista activitate, atunci taxa in sine este una ilegala!<\/b><\/p>\n<p>Desigur, veti primi o decizie de impunere insa trebuie sa stiti ca o puteti contesta.<\/p>\n<p>De ce este taxa ilegala?<\/p>\n<p>Haideti sa vedem chiar textul de lege care o incrimineaza &#8211;<\/p>\n<h3 class=\"page-header\">ART. 484 &#8211; Taxe speciale<\/h3>\n<p>(1) Pentru func\u0163ionarea unor servicii publice locale create \u00een interesul persoanelor fizice \u015fi juridice, precum \u015fi pentru promovarea turistic\u0103 a localit\u0103\u0163ii, consiliile locale, jude\u0163ene \u015fi Consiliul General al Municipiului Bucure\u015fti, dup\u0103 caz, pot adopta taxe speciale.<br \/>\n(2) Domeniile \u00een care consiliile locale, jude\u0163ene \u015fi Consiliul General al Municipiului Bucure\u015fti, dup\u0103 caz, pot adopta taxe speciale pentru serviciile publice locale, precum \u015fi cuantumul acestora se stabilesc \u00een conformitate cu prevederile Legii nr. 273\/2006 privind finan\u0163ele publice locale, cu modific\u0103rile \u015fi complet\u0103rile ulterioare.<br \/>\n<strong>(3) Taxele speciale se \u00eencaseaz\u0103 numai de la persoanele fizice \u015fi juridice care beneficiaz\u0103 de serviciile oferite de institu\u0163ia sau serviciul public de interes local, potrivit regulamentului de organizare \u015fi func\u0163ionare al acestora, sau de la cele care sunt obligate, potrivit legii, s\u0103 efectueze presta\u0163ii ce intr\u0103 \u00een sfera de activitate a acestui tip de serviciu.<\/strong><br \/>\n(4) Taxa special\u0103 pentru promovarea turistic\u0103 a localit\u0103\u0163ii la nivelul municipiului Bucure\u015fti se face venit la bugetul local al municipiului Bucure\u015fti.<\/p>\n<p align=\"justify\">Astfel art. 484\u00a0alin. 3), ca\u00a0Taxele speciale (precum taxa speciala de salubrizare din Sector 4) se \u00eencaseaz\u0103\u00a0<strong>numai de la persoanele juridice care beneficiaz\u0103 de serviciile oferite\u00a0de institu\u021bia sau serviciul public de interes local.<\/strong><\/p>\n<p align=\"justify\">Ori,in conditiile date, daca persoana juridica NU beneficiaza de aceste servicii, este evident ca intreaga structura a deciziei de impunere si taxa in sinea ei, ambele sunt ilegale si prezumtiv abuzive.<\/p>\n<p><strong>ATENTIE &#8211; Decizia de Impunere se va emite din pacate de catre sectorul 4, insa asta nu inseamna ca ea nu poate fi atacata &#8211;\u00a0<\/strong><\/p>\n<p align=\"justify\">Art 30 alin. 6) din Legea finantelor publice nr 273\/2006 stabileste ca\u00a0<b>Taxele se incaseaza\u00a0<\/b><b>doar<\/b><b>\u00a0de la persoanele ce beneficiaza\u00a0<\/b><b>efectiv\u00a0<\/b><b>de salubrizare.<\/b><\/p>\n<p style=\"text-align: center;\"><strong>Cum se poate anula taxa de salubritate?<\/strong><\/p>\n<p>Plecam din start de la ideea ca este o taxa ilegala fiindca incalca norme de drept fiscal astfel la momentul emiterii deciziei nu uitati ca este important sa mergeti la avocat pentru a prezenta decizia si pentru a o contesta initial in fata organului fiscal si mai apoi la instanta de judecata, astfel impunerea unui serviciu nu este permisa de lege, in comparatie cu impozitul. Exemplele pot continua, de retinut este ca taxa de salubrizare este ilegala daca SRL-ul ori PFA-ul nu utilizeaza serviciul.<\/p>\n<p>av.drd. Cuculis<\/p>\n<p>0722298011<\/p>\n<\/div>\n<\/article>\n<\/div>\n<div id=\"sidebar\"><\/div>\n","protected":false},"excerpt":{"rendered":"<p>Actiune Anulare Taxa Salubrizare Sector 4 -Taxa Impusa De Sectorul 4 Este Una Abuziva Deja Este Cunoscut ca DITL Sector 4 a impus abuziv o Taxa Salubrizare taxa deja trecuta pe decizii de impunere. Daca ai primit o asemenea notificare ai dreptul de a te adresa justitiei pentru a obtine Anulare Taxa Salubrizare. Taxa de [&hellip;]<\/p>\n","protected":false},"author":1,"featured_media":0,"parent":0,"menu_order":0,"comment_status":"closed","ping_status":"closed","template":"","meta":{"footnotes":""},"class_list":["post-144977","page","type-page","status-publish","hentry"],"yoast_head":"<!-- This site is optimized with the Yoast SEO Premium plugin v27.6 (Yoast SEO v27.6) - https:\/\/yoast.com\/product\/yoast-seo-premium-wordpress\/ -->\n<title>Taxa Salubrizare Sector 4 Ilegala-Afla Cum O Poti Contesta-Avocat Cuculis - Cuculis si Asociatii<\/title>\n<meta name=\"description\" content=\"Taxa Salubrizare Sector 4 Ilegala-Afla Cum O Poti Contesta-Avocat Cuculis - Cuculis si Asociatii\" \/>\n<meta name=\"robots\" content=\"index, follow, max-snippet:-1, max-image-preview:large, max-video-preview:-1\" \/>\n<link rel=\"canonical\" href=\"https:\/\/indrumari-juridice.eu\/indrumarijuridice\/taxa-salubrizare-sector-4-ilegala-afla-cum-o-poti-contesta-avocat-cuculis\/\" \/>\n<meta property=\"og:locale\" content=\"en_US\" \/>\n<meta property=\"og:type\" content=\"article\" \/>\n<meta property=\"og:title\" content=\"Taxa Salubrizare Sector 4 Ilegala-Afla Cum O Poti Contesta-Avocat Cuculis\" \/>\n<meta property=\"og:description\" content=\"Taxa Salubrizare Sector 4 Ilegala-Afla Cum O Poti Contesta-Avocat Cuculis - Cuculis si Asociatii\" \/>\n<meta property=\"og:url\" content=\"https:\/\/indrumari-juridice.eu\/indrumarijuridice\/taxa-salubrizare-sector-4-ilegala-afla-cum-o-poti-contesta-avocat-cuculis\/\" \/>\n<meta property=\"og:site_name\" content=\"Cuculis si Asociatii\" \/>\n<meta property=\"article:publisher\" content=\"https:\/\/www.facebook.com\/avocatcuculisadrian\" \/>\n<meta property=\"article:modified_time\" content=\"2018-08-19T23:09:46+00:00\" \/>\n<meta name=\"twitter:card\" content=\"summary_large_image\" \/>\n<meta name=\"twitter:site\" content=\"@indrumarij\" \/>\n<meta name=\"twitter:label1\" content=\"Est. reading time\" \/>\n\t<meta name=\"twitter:data1\" content=\"3 minutes\" \/>\n<script type=\"application\/ld+json\" class=\"yoast-schema-graph\">{\"@context\":\"https:\\\/\\\/schema.org\",\"@graph\":[{\"@type\":\"WebPage\",\"@id\":\"https:\\\/\\\/indrumari-juridice.eu\\\/indrumarijuridice\\\/taxa-salubrizare-sector-4-ilegala-afla-cum-o-poti-contesta-avocat-cuculis\\\/\",\"url\":\"https:\\\/\\\/indrumari-juridice.eu\\\/indrumarijuridice\\\/taxa-salubrizare-sector-4-ilegala-afla-cum-o-poti-contesta-avocat-cuculis\\\/\",\"name\":\"Taxa Salubrizare Sector 4 Ilegala-Afla Cum O Poti Contesta-Avocat Cuculis - Cuculis si Asociatii\",\"isPartOf\":{\"@id\":\"https:\\\/\\\/indrumari-juridice.eu\\\/indrumarijuridice\\\/#website\"},\"datePublished\":\"2018-08-19T23:09:28+00:00\",\"dateModified\":\"2018-08-19T23:09:46+00:00\",\"description\":\"Taxa Salubrizare Sector 4 Ilegala-Afla Cum O Poti Contesta-Avocat Cuculis - Cuculis si Asociatii\",\"breadcrumb\":{\"@id\":\"https:\\\/\\\/indrumari-juridice.eu\\\/indrumarijuridice\\\/taxa-salubrizare-sector-4-ilegala-afla-cum-o-poti-contesta-avocat-cuculis\\\/#breadcrumb\"},\"inLanguage\":\"en-US\",\"potentialAction\":[{\"@type\":\"ReadAction\",\"target\":[\"https:\\\/\\\/indrumari-juridice.eu\\\/indrumarijuridice\\\/taxa-salubrizare-sector-4-ilegala-afla-cum-o-poti-contesta-avocat-cuculis\\\/\"]}]},{\"@type\":\"BreadcrumbList\",\"@id\":\"https:\\\/\\\/indrumari-juridice.eu\\\/indrumarijuridice\\\/taxa-salubrizare-sector-4-ilegala-afla-cum-o-poti-contesta-avocat-cuculis\\\/#breadcrumb\",\"itemListElement\":[{\"@type\":\"ListItem\",\"position\":1,\"name\":\"Home\",\"item\":\"https:\\\/\\\/indrumari-juridice.eu\\\/indrumarijuridice\\\/\"},{\"@type\":\"ListItem\",\"position\":2,\"name\":\"Taxa Salubrizare Sector 4 Ilegala-Afla Cum O Poti Contesta-Avocat Cuculis\"}]},{\"@type\":\"WebSite\",\"@id\":\"https:\\\/\\\/indrumari-juridice.eu\\\/indrumarijuridice\\\/#website\",\"url\":\"https:\\\/\\\/indrumari-juridice.eu\\\/indrumarijuridice\\\/\",\"name\":\"Cuculis si Asociatii\",\"description\":\"Birou de avocatura - Societatea De Avocati Cuculis&amp;Asociatii Indrumari Juridice Online Gratuite 031.412.48.88\",\"publisher\":{\"@id\":\"https:\\\/\\\/indrumari-juridice.eu\\\/indrumarijuridice\\\/#organization\"},\"potentialAction\":[{\"@type\":\"SearchAction\",\"target\":{\"@type\":\"EntryPoint\",\"urlTemplate\":\"https:\\\/\\\/indrumari-juridice.eu\\\/indrumarijuridice\\\/?s={search_term_string}\"},\"query-input\":{\"@type\":\"PropertyValueSpecification\",\"valueRequired\":true,\"valueName\":\"search_term_string\"}}],\"inLanguage\":\"en-US\"},{\"@type\":\"Organization\",\"@id\":\"https:\\\/\\\/indrumari-juridice.eu\\\/indrumarijuridice\\\/#organization\",\"name\":\"Societatea de Avocati Birou de Avocatura Cuculis si Asociatii\",\"url\":\"https:\\\/\\\/indrumari-juridice.eu\\\/indrumarijuridice\\\/\",\"logo\":{\"@type\":\"ImageObject\",\"inLanguage\":\"en-US\",\"@id\":\"https:\\\/\\\/indrumari-juridice.eu\\\/indrumarijuridice\\\/#\\\/schema\\\/logo\\\/image\\\/\",\"url\":\"https:\\\/\\\/indrumari-juridice.eu\\\/indrumarijuridice\\\/wp-content\\\/uploads\\\/2018\\\/06\\\/logo-cuculis-kg.jpg\",\"contentUrl\":\"https:\\\/\\\/indrumari-juridice.eu\\\/indrumarijuridice\\\/wp-content\\\/uploads\\\/2018\\\/06\\\/logo-cuculis-kg.jpg\",\"width\":370,\"height\":71,\"caption\":\"Societatea de Avocati Birou de Avocatura Cuculis si Asociatii\"},\"image\":{\"@id\":\"https:\\\/\\\/indrumari-juridice.eu\\\/indrumarijuridice\\\/#\\\/schema\\\/logo\\\/image\\\/\"},\"sameAs\":[\"https:\\\/\\\/www.facebook.com\\\/avocatcuculisadrian\",\"https:\\\/\\\/x.com\\\/indrumarij\",\"https:\\\/\\\/www.youtube.com\\\/user\\\/IndrumariJuridice\"]}]}<\/script>\n<!-- \/ Yoast SEO Premium plugin. -->","yoast_head_json":{"title":"Taxa Salubrizare Sector 4 Ilegala-Afla Cum O Poti Contesta-Avocat Cuculis - Cuculis si Asociatii","description":"Taxa Salubrizare Sector 4 Ilegala-Afla Cum O Poti Contesta-Avocat Cuculis - Cuculis si Asociatii","robots":{"index":"index","follow":"follow","max-snippet":"max-snippet:-1","max-image-preview":"max-image-preview:large","max-video-preview":"max-video-preview:-1"},"canonical":"https:\/\/indrumari-juridice.eu\/indrumarijuridice\/taxa-salubrizare-sector-4-ilegala-afla-cum-o-poti-contesta-avocat-cuculis\/","og_locale":"en_US","og_type":"article","og_title":"Taxa Salubrizare Sector 4 Ilegala-Afla Cum O Poti Contesta-Avocat Cuculis","og_description":"Taxa Salubrizare Sector 4 Ilegala-Afla Cum O Poti Contesta-Avocat Cuculis - Cuculis si Asociatii","og_url":"https:\/\/indrumari-juridice.eu\/indrumarijuridice\/taxa-salubrizare-sector-4-ilegala-afla-cum-o-poti-contesta-avocat-cuculis\/","og_site_name":"Cuculis si Asociatii","article_publisher":"https:\/\/www.facebook.com\/avocatcuculisadrian","article_modified_time":"2018-08-19T23:09:46+00:00","twitter_card":"summary_large_image","twitter_site":"@indrumarij","twitter_misc":{"Est. reading time":"3 minutes"},"schema":{"@context":"https:\/\/schema.org","@graph":[{"@type":"WebPage","@id":"https:\/\/indrumari-juridice.eu\/indrumarijuridice\/taxa-salubrizare-sector-4-ilegala-afla-cum-o-poti-contesta-avocat-cuculis\/","url":"https:\/\/indrumari-juridice.eu\/indrumarijuridice\/taxa-salubrizare-sector-4-ilegala-afla-cum-o-poti-contesta-avocat-cuculis\/","name":"Taxa Salubrizare Sector 4 Ilegala-Afla Cum O Poti Contesta-Avocat Cuculis - Cuculis si Asociatii","isPartOf":{"@id":"https:\/\/indrumari-juridice.eu\/indrumarijuridice\/#website"},"datePublished":"2018-08-19T23:09:28+00:00","dateModified":"2018-08-19T23:09:46+00:00","description":"Taxa Salubrizare Sector 4 Ilegala-Afla Cum O Poti Contesta-Avocat Cuculis - Cuculis si Asociatii","breadcrumb":{"@id":"https:\/\/indrumari-juridice.eu\/indrumarijuridice\/taxa-salubrizare-sector-4-ilegala-afla-cum-o-poti-contesta-avocat-cuculis\/#breadcrumb"},"inLanguage":"en-US","potentialAction":[{"@type":"ReadAction","target":["https:\/\/indrumari-juridice.eu\/indrumarijuridice\/taxa-salubrizare-sector-4-ilegala-afla-cum-o-poti-contesta-avocat-cuculis\/"]}]},{"@type":"BreadcrumbList","@id":"https:\/\/indrumari-juridice.eu\/indrumarijuridice\/taxa-salubrizare-sector-4-ilegala-afla-cum-o-poti-contesta-avocat-cuculis\/#breadcrumb","itemListElement":[{"@type":"ListItem","position":1,"name":"Home","item":"https:\/\/indrumari-juridice.eu\/indrumarijuridice\/"},{"@type":"ListItem","position":2,"name":"Taxa Salubrizare Sector 4 Ilegala-Afla Cum O Poti Contesta-Avocat Cuculis"}]},{"@type":"WebSite","@id":"https:\/\/indrumari-juridice.eu\/indrumarijuridice\/#website","url":"https:\/\/indrumari-juridice.eu\/indrumarijuridice\/","name":"Cuculis si Asociatii","description":"Birou de avocatura - Societatea De Avocati Cuculis&amp;Asociatii Indrumari Juridice Online Gratuite 031.412.48.88","publisher":{"@id":"https:\/\/indrumari-juridice.eu\/indrumarijuridice\/#organization"},"potentialAction":[{"@type":"SearchAction","target":{"@type":"EntryPoint","urlTemplate":"https:\/\/indrumari-juridice.eu\/indrumarijuridice\/?s={search_term_string}"},"query-input":{"@type":"PropertyValueSpecification","valueRequired":true,"valueName":"search_term_string"}}],"inLanguage":"en-US"},{"@type":"Organization","@id":"https:\/\/indrumari-juridice.eu\/indrumarijuridice\/#organization","name":"Societatea de Avocati Birou de Avocatura Cuculis si Asociatii","url":"https:\/\/indrumari-juridice.eu\/indrumarijuridice\/","logo":{"@type":"ImageObject","inLanguage":"en-US","@id":"https:\/\/indrumari-juridice.eu\/indrumarijuridice\/#\/schema\/logo\/image\/","url":"https:\/\/indrumari-juridice.eu\/indrumarijuridice\/wp-content\/uploads\/2018\/06\/logo-cuculis-kg.jpg","contentUrl":"https:\/\/indrumari-juridice.eu\/indrumarijuridice\/wp-content\/uploads\/2018\/06\/logo-cuculis-kg.jpg","width":370,"height":71,"caption":"Societatea de Avocati Birou de Avocatura Cuculis si Asociatii"},"image":{"@id":"https:\/\/indrumari-juridice.eu\/indrumarijuridice\/#\/schema\/logo\/image\/"},"sameAs":["https:\/\/www.facebook.com\/avocatcuculisadrian","https:\/\/x.com\/indrumarij","https:\/\/www.youtube.com\/user\/IndrumariJuridice"]}]}},"jetpack_shortlink":"https:\/\/wp.me\/P3Vc4J-BIl","jetpack_sharing_enabled":true,"_links":{"self":[{"href":"https:\/\/indrumari-juridice.eu\/indrumarijuridice\/wp-json\/wp\/v2\/pages\/144977","targetHints":{"allow":["GET"]}}],"collection":[{"href":"https:\/\/indrumari-juridice.eu\/indrumarijuridice\/wp-json\/wp\/v2\/pages"}],"about":[{"href":"https:\/\/indrumari-juridice.eu\/indrumarijuridice\/wp-json\/wp\/v2\/types\/page"}],"author":[{"embeddable":true,"href":"https:\/\/indrumari-juridice.eu\/indrumarijuridice\/wp-json\/wp\/v2\/users\/1"}],"replies":[{"embeddable":true,"href":"https:\/\/indrumari-juridice.eu\/indrumarijuridice\/wp-json\/wp\/v2\/comments?post=144977"}],"version-history":[{"count":0,"href":"https:\/\/indrumari-juridice.eu\/indrumarijuridice\/wp-json\/wp\/v2\/pages\/144977\/revisions"}],"wp:attachment":[{"href":"https:\/\/indrumari-juridice.eu\/indrumarijuridice\/wp-json\/wp\/v2\/media?parent=144977"}],"curies":[{"name":"wp","href":"https:\/\/api.w.org\/{rel}","templated":true}]}}